+ -2 + 9.
6
2 + -1 + (-3 - -2) + -1
-1
What is the value of 7 + 2 + (6 - 9)?
6
0 + 3 - (3 + -3 + 6)
-3
Evaluate (0 - -5) + 1 + -2.
4
Calculate -1 - (-1 + 8 - 12).
4
2 + 10 + -6 + -2
4
Evaluate (-6 + 14 - 4) + -1 + 2.
5
Calculate 10 - 14 - (-2 + -6).
4
Evaluate 3 + 4 + 0 + -6 - 8.
-7
Calculate (-7 - (-5 + 2 - 0)) + 2.
-2
Calculate -16 + 1 + 17 + -8.
-6
What is (33 - 45) + 0 + 14?
2
Evaluate (0 - 3) + 1 + (-29 - -31).
0
77 + -85 + (-1 + 0 - -4)
-5
What is the value of 1 - (-5 + 0 - -6)?
0
What is (0 - 0 - -3) + (-57 - -52)?
-2
What is 0 - (3 - 1) - -3?
1
(32 - 33) + (1 - 0) - 6
-6
Evaluate -1 + (2 - 3) + -2.
-4
6 + -10 - (-3 - -5 - -5)
-11
What is the value of 0 - (-4 - -2 - 4)?
6
What is (2 - 5) + -1 + 4?
0
(-4 - -2) + 5 - (-3 - -1)
5
4 + (0 - (-5 + 9)) - -2
2
Evaluate -3 + 9 + 2 + 5 + -8.
5
Evaluate (-2 - -1) + (-11 - -5) + 12.
5
28 + -17 - -1 - (-1 - -5)
8
(-6 - -4 - -7) + -1
4
1 + -7 - -11 - 7
-2
What is 1 - ((0 - (-2 + 1)) + -6)?
6
Evaluate -3 - (4 + -2 - (4 - -2)).
1
0 + 20 + -2 + -10
8
What is the value of 0 + -1 - -10 - 4?
5
Calculate -2 + (-4 + 0 - -1) - 3.
-8
Calculate -4 - (4 + -5) - -5.
2
Evaluate -5 + 4 - (-6 - -1).
4
Evaluate (-3 - -2) + 7 + (3 - 8).
1
Evaluate (2 - 1) + (-6 - -7).
2
Evaluate 0 - 1 - (0 + -4 + -1).
4
What is the value of -3 + -1 + 1 + (14 - 12)?
-1
Calculate 3 - (9 + 2 - (-5 + 9)).
-4
Evaluate -6 + -4 + 7 + -3.
-6
What is (-2 - 1 - 6) + 3 - 1?
-7
What is (18 - 15 - (6 - 2)) + -5?
-6
Evaluate 0 - (5 - (6 + -4 + 0)).
-3
Evaluate 7 + -1 + (22 - 24) - 5.
-1
What is 1 - (1 + 2 + 6)?
-8
4 + (-10 - -3) + 3
0
Evaluate 8 + (-1 - (3 - -3)).
1
What is -3 + 0 + -4 + 2 + 1?
-4
5 - (-12 - (-14 + 6) - -1)
8
1 - (2 + -1 - (0 + 2))
2
What is the value of -2 + 14 + 5 + -1 + -8?
8
-6 - (-6 - (6 - 5))
1
What is the value of 8 + 1 + (12 - 1 - 15)?
5
What is the value of (7 + -3 - (1 - -2)) + -5?
-4
What is -8 - (-1 - (3 + 0))?
-4
Evaluate 3 - (-5 - (-4 + -6)).
-2
What is -8 + 8 + -1 + -3?
-4
Calculate 8 + 0 - 9 - -6.
5
What is 5 + (-2 - 0) - -2?
5
What is the value of 3 - ((-6 - (3 + -6)) + 8)?
-2
Calculate -2 - (1 - (9 + (3 - 5))).
4
1 + (5 - ((1 - 1) + 3))
3
Evaluate (1 - -3) + (-3 - 0) + 5.
6
What is -6 + -2 + 1 + 5?
-2
Calculate (19 - (18 + -3)) + 4 + -1.
7
What is the value of 14 + -11 - (0 - (0 + 1))?
4
Calculate 3 - (2 + -6 + -3 + 2).
8
13 + -4 + -13 + 5 + 6
7
3 + (-17 - -3) + (-7 - -11)
-7
1 + -7 + 6 + 2 + 1
3
Calculate (0 + 4 - 2) + 19 + -18.
3
Calculate 1 + 5 + -12 + 2.
-4
Evaluate (-2 - -1) + (-12 + 5 - -6).
-2
What is 4 + (-4 - (-9 + 6))?
3
Calculate -6 + -2 + 1 - 2 - -5.
-4
What is 7 - (7 - (-10 + 14))?
4
7 - (-4 - -1 - -7)
3
What is the value of -5 - (-9 - 2) - (2 - -1)?
3
Calculate (0 - -4) + (8 - 4) + -7.
1
Evaluate -12 - (11 - 20) - -3.
0
Calculate 5 + (-13 + 2 + 5 - 2).
-3
Calculate 3 + (-12 - (-1 + -16)).
8
Calculate (6 - (-2 + 10)) + 7 + -1.
4
Evaluate 9 - (-12 + 12) - 14.
-5
(-11 - (-3 + -2)) + 5
-1
Evaluate (-4 - -4) + -1 + 1 - -3.
3
Evaluate (3 + -1 - 1) + 1.
2
Calculate 18 + -21 + (-2 - -6).
1
What is the value of (-7 - -3) + (-5 - (-12 - 0))?
3
Evaluate -3 + (-2 - -2) - (3 + -2).
-4
Evaluate -11 + 18 + (0 - 12).
-5
Calculate 0 - 0 - (0 + 0).
0
Evaluate 5 + -6 + 0 + 7 + 1.
7
What is (-7 - 0 - -9) + 0 + -6?
-4
What is -7 - -3 - -9 - (-11 - -8)?
8
Evaluate -1 - (6 + (-5 - -8) - 3).
-7
What is the value of 3 + (-15 - (-9 - 0))?
-3
Evaluate 0 - ((3 - 8) + 18) - -8.
-5
Calculate -1 + 0 - (0 + 1).
-2
Calculate -3 + 3 + 3 + 2.
5
Calculate 1 + -5 + (-40 - -35).
-9
Calculate 0 + -1 + (3 - 0).
2
What is -1 - 3 - -6 - -2?
4
Evaluate -4 + 3 + -3 + 5.
1
Calculate (-8 - (3 - 10)) + -1.
-2
What is the value of -2 + -5 + (-1 - -6)?
-2
Evaluate (-3 - ((2 - -6) + -6)) + -1.
-6
What is the value of 12 + 8 + -22 + 11?
9
Calculate (-3 - (3 - 7)) + -8.
-7
Evaluate 11 + -14 - (-7 + -1).
5
What is 0 + -3 + (-3 - -3) + 3?
0
Evaluate -5 - -4 - 3 - -5.
1
Calculate 0 + -6 + 5 + -1 + -2.
-4
Evaluate 3 - 5 - (-5 + 2) - 0.
1
Evaluate 0 + (-2 + -4 - -1).
-5
What is the value of -3 + 10 + -12 - -5?
0
-1 - (10 - (-1 + 14))
2
What is 154 + -146 + (0 - 16)?
-8
What is the value of 2 + -5 - (5 + 3 + -9)?
-2
Calculate 8 - 9 - 4 - (0 - 1).
-4
Evaluate -9 - ((1 - 0) + (-48 - -39)).
-1
What is the value of -125 - -117 - (-12 - -1)?
3
Calculate -2 + 1 + (-163 - -166).
2
What is 4 + 3 + -5 - 1 - -5?
6
1 - (-3 + 5 - 6) - 7
-2
Evaluate 16 + -18 - (5 + -13).
6
0 + -1 + (-8 + 5 - 1)
-5
Calculate (2 + 1 - 5) + 5.
3
Calculate (4 - 2) + -5 + 0.
-3
Evaluate 2 + -1 - (6 - 0 - -1).
-6
What is -10 - -14 - 4 - 6?
-6
What is the value of (5 - -1) + -7 - -4?
3
4 + 1 + -8 + -1
-4
What is the value of 0 + -1 + (-4 + 4 - 3)?
-4
What is the value of (4 - 1) + 1 - (44 - 46)?
6
5 + (9 + -5 + 2 - 6)
5
Calculate 3 - (7 - 9 - (-1 + 1)).
5
2 + 0 + 2 + (2 - 2)
4
What is 6 + -8 - (0 + -1)?
-1
Calculate 6 + -1 + -9 + 11.
7
Evaluate (-3 - -3) + (-1 - -1).
0
Evaluate (-4 - (-10 - -4)) + -6.
-4
-3 - (-1 - 2 - 1)
1
Calculate 1 + (9 - (-6 + 9)) + -6.
1
Calculate 62 + -65 + (6 - 0).
3
What is the value of (-4 - (-8 + 3)) + -1 + -2?
-2
-5 - ((-6 - -1) + 10)
-10
What is -2 - (13 - 28) - 4?
9
Evaluate -1 - (-2 - -4 - 2).
-1
What is 0 - -1 - (2 - (3 + 0))?
2
Evaluate 8 - 2 - 13 - -4.
-3
Calculate -3 + (3 - 2 - -7).
5
What is the value of (0 - 6) + -10 + 14?
-2
Evaluate (5 - 24) + 10 + 9.
0
What is the value of -11 - 0 - (-37 + 24)?
2
Evaluate -7 + 7 + -3 - 0.
-3
What is -37 + 40 - (11 - 1) - -7?
0
-1 + 1 - 2 - (15 + -13)
-4
-3 + 9 + 1 + -5
2
-8 + -1 - (23 - 42)
10
Evaluate 9 + 9 + (-2 - 10).
6
Evaluate 2 - (-3 + 6 - -3).
-4
Evaluate 9 + (-16 - -3) - -2.
-2
What is the value of -2 - ((16 - 13) + -8)?
3
Evaluate 3 + -7 + -1 + 2.
-3
(9 - (-3 - -6)) + (-1 - 3)
2
(2 - 0 - -2) + 17 + -18
3
(-5 - (-16 + 2)) + -4
5
Calculate (-1 - -3) + (-5 - -8).
5
2 - 3 - (0 - 1)
0
What is the value of (-2 - 4) + 3 - -1?
-2
Calculate -3 + -3 + 7 - (8 + -4).
-3
Calculate -1 + -3 + (-10 - -9).
-5
Calculate 2 + -3 + -2 + -43 + 39.
-7
Calculate (3 + -2 - 4) + 1 + 3.
1
What is the value of 0 + (-5 + 2 - 0) + 7?
4
What is 1 + (3 - 0 - -1)?
5
What is the value of (7 - (-1 + 6)) + -4?
-2
What is the value of (-4 - (5 - 6)) + -2?
-5
What is -4 + -3 + 9 + -6?
-4
Evaluate 4 + 2 + -2 + -4.
0
What is the value of -7 + 2 + -3 - (0 - 3)?
-5
What is (1 - -2) + 9 + -13?
-1
What is 10 + 1 + -4 + (-2 - -1)?
6
Evaluate -13 + 4 - (-4 - 1).
-4
What is -4 + (-5 - (0 + -4 - 5))?
0
(-6 - -3) + -2 - -5
0
What is 14 + -8 + -14 + 3?
-5
What is the value of (2 - 0 - 0) + 2 + 3?
7
(-2 - 5) + (-8 - -7) + 17
9
1 + 3 + -1 + (-2 - 1)
0
What is 3 - ((5 - 3) + -1)?
2
Calculate -5 - (0 - ((5 - 5) + 7)).
2
What is (3 - 15) + 6 + (9 - 4)?
-1
What is the value of -4 + -2 + 5 + -2?
-3
What is the value of 0 + (2 - 0) - (2 - -4)?
-4
What is the value of -5 + -3 + -1 + 4 + 4?
-1
Evaluate 9 + -3 + 2 + -3.
5
What is the value of 13 + (-9 - (-3 + -5 + 7))?
5
Calculate 7 + 2 - (8 - (2 - 2)).
1
What is -5 + 4 + 7 + -5?
1
-14 + -2 + 15 + -1
-2
What is the value of -24 + 21 + 1 + 5?
3
Evaluate -2 - (-7 - -1 - -4).
0
-6 + (3 - (0 + 0))
-3
What is -1 - (0 + 1) - -5?
3
Calculate 4 - (8 + 4 - 6).
-2
What is (-10 - 0) + 1 + 2 + 2?
-5
What is the value of -1 + 1 - (-4 + (1 - 0))?
3
Evaluate 10 - 6 - (8 - (4 - -2)).
2
What is the value of -12 + 7 + -3 + 4?
-4
What is -7 + (-5 + 3 - -6)?
-3
Evaluate -1 + (-3 - -1) + -2.
-5
What is the value of (0 + -4 - -2) + 0?
-2
What is -7 + 2 + 0 + -12 + 12?
-5
What is the value of 3 + (2 - 5 - (-1 + 0))?
1
Evaluate -12 + 1 + 5 + 12.
6
(-2 + 6 - 8) + -1
-5
What is the value of (-10 - -1) + (-17 - -22) + 1?
-3
What is the value of 2 + (-3 - -7) + 2 - 5?
3
What is the value of 5 - (5 - ((-3 - -1) + 4))?
2
What is -4 - (3 - (1 - -1)) - 2?
-7
Calculate 12 + -3 + -5 - 7.
-3
Evaluate (-4 - 2) + (38 - 27).
5
What is -4 + 13 + 6 + -11?
4
4 + -10 + (7 - 4)
-3
6 + (-8 + 8 - -2)
8
What is the value of 6 + (-3 - -5) + -13 + 3?
-2
5 - (-6 - (7 + -4 + -9))
5
Calculate 4 + -4 + 5 + -2.
3
What is (0 - 3) + -2 + 0 + 3?
-2
Calculate 1 - (3 + (-1 - -1)).
-2
What is the value of -11 - -10 - 0 - 0?
-1
What is the value of -52 - -46 - (0 - 5)?
-1
Evaluate (6 - 3) + 0 - (-43 - -55).
-9
What is the value of -3 + 8 + -2 + 6?
9
2 + (6 + -4 - 1)
3
Calculate -3 + 2 + 1 + -1.
-1
What is the value of (-3 + 0 - (-10 + 7)) + 5?
5
1 + 0 - (1 + 5 + -2)
-3
What 